 u(a).
-4
Let l(i) = -i**2 + 19*i - 13. Let f(y) = -45*y - 435. Let h be f(-10). What is l(h)?
47
Let t(g) = -g - 2. Let d be (6/(-8))/(-2 - 84/(-48)). Suppose 0*p + d*r + 2 = 2*p, -2*p + 6 = -r. Determine t(p).
-6
Let b(p) = -7*p**2 + 21 - 7*p**2 + p**3 + 4*p**2 + 0*p**2 - p. Let g be b(9). Let v be g/(-9) - (-2 + 16/6). Let k(o) = -o - 9. Determine k(v).
-16
Let d(w) = -2 - 6*w**2 - 8 - w + 5*w**2 - 15*w + 3. Give d(-8).
57
Let b(s) be the second derivative of s**5/60 + 11*s**4/24 + 11*s**3/6 + 63*s**2 + 9*s + 7. Let h(i) be the first derivative of b(i). Determine h(-8).
-13
Let m(n) = -3*n - 9. Let u = -1025 - -1037. What is m(u)?
-45
Suppose -4*m - 2 = -2*d - 0, -5*d = -4*m - 5. Suppose m = 2*q - 7*c + 12*c - 31, 23 = 2*q - 3*c. Let u(n) = -n**2 + 12*n + 15. Determine u(q).
2
Let r(l) = -l**3 + 2*l**2 - 1. Let q be r(-1). Suppose 6 = u + 5*p + 28, 25 = 5*u - q*p. Let x(j) = -4*j + j + u*j - 15*j. Give x(1).
-15
Let p(t) = -t**3 - 9*t**2 + 13*t + 13. Suppose -150*n - 881 = 619. Give p(n).
-17
Let r(t) be the first derivative of t**4/4 - 2*t - 27. Let u = -376 + 376. Determine r(u).
-2
Let g(c) = -2*c + 3*c**3 + 2*c**3 - 1 + 5*c**3 + c**2 - 9*c**3 - 1. Calculate g(-2).
-2
Let m(o) = -17*o**2 - 193*o + 10. Let x(y) = -y**2 + 8*y. Let g(z) = m(z) + 5*x(z). Determine g(-7).
3
Suppose 100 + 8 = 18*i. Let r(l) = i*l**2 + 2*l**2 - 5 - 1 - 7*l**2 - 7*l. Give r(7).
-6
Let j = 133 + -127. Let r be 5 + -5 + (-1)/((-1)/j). Let n(t) = -t**2 + 4*t + 14. What is n(r)?
2
Let c(z) = z - 15. Let a be c(11). Let q(k) be the third derivative of 1/12*k**4 + 1/120*k**6 + 0 + 0*k - 1/2*k**3 - 11*k**2 + 1/12*k**5. Calculate q(a).
5
Let m = -2857/17160 - -25/143. Let r(t) be the third derivative of -1/30*t**5 + 0*t + 2*t**2 + m*t**6 + 1/2*t**3 - 5/24*t**4 + 0. What is r(4)?
15
Let o = 7 + -5. Suppose -5*f + 0*s - 2*s + 15 = 0, -5*f - 5*s + 30 = 0. Let g(q) = 2 - 2*q - 3*q**2 - 4 - f + 5*q. What is g(o)?
-9
Let g = -9120 - -9107. Let v(l) = 2*l**2 + 19*l - 30. What is v(g)?
61
Suppose -63 + 27 = -4*w. Suppose -v + 40 = -w*v. Let a(q) = q**3 + 7*q**2 - 7. Give a(v).
43
Suppose 345 + 530 = -125*p. Let o(g) = -6*g - 5. Determine o(p).
37
Let m(o) = o**2 - 28*o - 121. Let g be m(32). Let z(w) = w**2 - 3*w - 7. What is z(g)?
21
Let z be (-10 - -1) + (8 - 1) + -3. Let x(f) = -f**3 - 4*f**2 + 6*f + 4. Determine x(z).
-1
Let u(f) = 2*f**2 - 20*f - 14. Let k be u(11). Let c be 3*((-45)/36)/((-6)/k). Let b be 2/6 - (160/6)/c. Let m(t) = -t**3 - 5*t**2 + t - 1. Give m(b).
-6
Let x(g) = 37*g**3 - 14*g**2 + 25*g - 10. Let j(q) = -12*q**3 + q**2 - 4*q - 1. Let m(n) = -3*j(n) - x(n). What is m(10)?
-17
Let g(s) be the third derivative of s**5/60 + s**4/3 + 7*s**3/2 - 3270*s**2. Calculate g(-4).
5
Let q = 18 + 2. Let k = q - 17. Let b(l) = -14*l + 4*l**2 + 1 + 12*l + 6*l + l**k. Give b(-4).
-15
Let k(p) = 491 + 484 - 6*p + 7*p - 1287 + 23*p. What is k(13)?
0
Let r(a) = -a**2 - 5*a + 9. Let q be r(-7). Let m be (-1)/q + 124/(-20). Let w(y) = -14*y - y + 10*y + 0*y + 4*y. Determine w(m).
6
Let k(r) = 19*r - 3. Let l(y) = 33*y - 5. Let m(a) = 3*k(a) - 2*l(a). What is m(-5)?
46
Let l(g) = -2*g - 5. Let o(u) = 2*u + 4. Let p(t) = 3*l(t) + 4*o(t). Let b = 169147 - 169148. Determine p(b).
-1
Let v(z) = -z**2 + 5*z - 2. Let b be (-70)/14*1/(0 + -1). Let q(k) = k - 7. Let h be q(11). Suppose -b*p + 10 = 2*i, -h*i + 9 = p - 5*i. Give v(p).
2
Let v(w) = -1651*w + 1 - 36*w**2 - 1649*w + 3300*w. Calculate v(1).
-35
Let j(t) = 58*t - 206. Let r(h) = 33*h - 118. Let d(b) = -4*j(b) + 7*r(b). Let v be 62/(-5) + 4/10. Calculate d(v).
10
Let b be (8/(-6))/(8/(-84)). Let g(s) = -s**2 + 15*s - 6. Let r be g(b). Suppose 3*d = r*d - 30. Let f(n) = n**3 - 7*n**2 + 3*n + 6. Calculate f(d).
-12
Let g(z) = -51*z + 4. Let i be g(-3). Suppose 5*q + 68 = 2*p - i, 3*p = 5*q + 230. Let x = q + 31. Let m(w) = -w**3 - 12*w**2 - w - 16. Give m(x).
-4
Let s(z) = z**2 + 2*z + 6. Let g(p) = p + 8. Let j(x) = x - 14. Let i be j(8). Let k be g(i). Suppose 10 = -2*c - 2*c + k*u, -4*c - 40 = 4*u. Calculate s(c).
21
Let n(o) = o**3 + 12*o**2 + 5*o + 65. Let f be 1*(80/(-6) - 276/(-207)). What is n(f)?
5
Let h be (-22)/(-8) + 220/(-80) + 3. Let w(t) = -t**3 + 5*t**2 - 8*t - 3. What is w(h)?
-9
Let w(b) = -417 - 464*b + 1219*b - 379*b - 481*b. Calculate w(-4).
3
Let w(b) = 5*b**2 + 12*b + 398. Let r(k) = k**2 + k + 100. Let t(p) = 4*r(p) - w(p). Let h(d) = -d + 9. Let v be h(6). Suppose -g = -v*g - 12. Give t(g).
14
Let v(h) = 2*h**2 + 28*h + 17. Suppose -1340 = -4*y - 713 - 679. Calculate v(y).
-9
Let l(c) = -c**2 - 102*c - 374. Let f be l(-4). Let n(m) = -4*m + 64. What is n(f)?
-8
Let s(d) be the second derivative of d**5/20 + d**4/4 + d**3/6 + d**2 + d. Let n = 105 + -101. Suppose 11*m - 26 = 13*m + n*p, -3*m + p = 4. Determine s(m).
-1
Suppose 21 = -8*b + 69. Let l(w) = 13*w**2 + 2*w + b - 12*w**2 + 5*w. Calculate l(-4).
-6
Let y(w) = w**3 - 7*w**2 + 6*w + 2. Let z = 461 + -145. Let c = -311 + z. Calculate y(c).
-18
Let v(b) be the third derivative of -1/24*b**4 + 0 + 21*b**2 + 1/60*b**5 + 0*b - 1/6*b**3 + 1/12*b**6. Calculate v(-1).
-9
Let r = -3 - -8. Suppose 3*m - 2*u = -4*u + 18, r*m - 35 = -5*u. Let h be (-6)/(((-54)/m)/9). Let y(l) = -2*l + 4. What is y(h)?
-4
Let r(t) = -9*t + 16 + 10*t + 12*t + t**2. Suppose 46*h = -1061 + 555. Calculate r(h).
-6
Let t(u) be the second derivative of u**3/6 - 9*u**2 + 2*u. Let v(o) = -12*o + 4 - 16*o + 2*o**2 + 4 - 38*o. Let d be v(33). Give t(d).
-10
Suppose 0 = y - 3*o + 26, y - 13*o + 14*o - 2 = 0. Let g(i) = i**2 + 25*i + 112. Calculate g(y).
12
Let f(k) = -k**3 + 2*k**2 + k + 1. Suppose 86 = 4*a - o - 9, -o = -1. Suppose 0 = -28*w + 36*w - a. Give f(w).
-5
Let q(i) = -30*i - 94 + 32*i**2 + 36 + 35 - i**3. Let z be q(31). Let o(j) = j - 18. Calculate o(z).
-10
Let h(i) be the third derivative of 0 + 0*i + 1/6*i**5 + 90*i**2 + 0*i**3 + 1/24*i**4. Give h(-2).
38
Let j(f) = 0*f + 78 - 48 + 2*f - 18. Suppose 5*g = -32 - 8. Give j(g).
-4
Let m be 2 - -1 - (-2)/1. Suppose -m*x + 2*x = 30. Let c(j) = 329*j - 170*j + 5 - 158*j + 5. Calculate c(x).
0
Let m(o) = 7*o - 53. Let i(q) = -q**3 + 19*q**2 + 44*q - 34. Let h be i(21). Determine m(h).
3
Let y(x) = 3*x. Suppose 4*h = 3*c + 35 + 9, -2*h + 3*c = -28. Suppose 4*n + 20 = -h. Calculate y(n).
-21
Let a(m) = -13*m**3 + 8*m**2 + 10*m + 13. Let u(f) = -28*f**3 + 17*f**2 + 21*f + 27. Let v(i) = 13*a(i) - 6*u(i). What is v(4)?
-9
Let g be 4 + 5/(-1)*(-222)/15. Suppose 4*c + g = 54. Let v(z) = -2*z - 4. Calculate v(c).
8
Let g(j) be the first derivative of j**4/4 - 3*j**3 + j**2/2 - 10*j - 7230. What is g(7)?
-101
Let x(l) = -3*l**3 + 11*l**2 - 16*l - 3. Let k(v) = 7*v**3 - 22*v**2 + 35*v + 4. Let g(w) = -2*k(w) - 5*x(w). Let q = 27 + -17. Calculate g(q).
7
Let g(u) = -11*u**3 + 16*u - 10*u + 8*u**2 + 15 + 30*u**3 - 20*u**3. What is g(9)?
-12
Let t(p) = 3*p**2 + 9 + 40*p - 4 + 7 - 2 + 24*p. Let r be t(-21). Let z(l) = 4*l + 13. Give z(r).
-31
Let c(u) = 14*u + 20. Let q be 14*(15/6 - 3). Let h(v) = 16*v - 6 - 27*v + 17*v - 11*v. Let o(l) = q*h(l) - 2*c(l). Determine o(-3).
-19
Let y(i) = -7*i - 8. Let r(n) = -n. Let q(x) = -6*r(x) + y(x). Suppose 286 + 1460 = 291*a. Determine q(a).
-14
Suppose -2*j + 34 - 44 = 0. Let s(z) be the third derivative of z**4/12 - z**3/3 - 3*z**2. Determine s(j).
-12
Let z(l) = l**3 + 3*l**2 + 2*l + 3. Suppose -4*t - 144 = -0*h - 2*h, 5*t = 3*h - 218. Let m = h - 79. Calculate z(m).
-3
Let t(h) = -h**2 - 3*h - 4. Let b = 2189 - 2193. Give t(b).
-8
Suppose 5 = -3*j - 1. Let n(i) = 45*i**3 - 6*i**2 + 2*i + 4. Let w(k) = 55*k**3 - 8*k**2 + 3*k + 5. Let p(z) = 5*n(z) - 4*w(z). Determine p(j).
-28
Suppose z + 4*x + 0*x - 109 = 0, z - 2*x - 115 = 0. Let j(m) = 110 + z - 224 - m. Let p = -1 - 4. Calculate j(p).
4
Let i(b) = 2*b - 42. Let s be 6 + (24/(-10))/(13/((-1820)/21)). Determine i(s).
2
Let t(m) = -8*m**2 - 8*m**2 + 15*m**2 - 13*m + 17. Let h(s) = -s**3 + 9*s**2 - 15*s + 121. Let z be h(9). Give t(z).
3
Let y(r) = 7*r + 144. Let k be y(-10). Suppose -k = -9*m - 2. Let o(j) = j**3 - 8*j**2 - 2*j + 10. Calculate o(m).
-6
Suppose -6*j + 18 = -4*j. Let x(z) = -2*z**2 - 4 + z**2 + j. Suppose -3*o + 8 = -o. Determine x(o).
-11
Suppose -4*k = 44*k + 144. Let v = -3 - -5. Let d(z) = z**v + z**2 + 3*z - 20 + 18. Calcu